{"id":738,"date":"2023-02-19T14:01:13","date_gmt":"2023-02-19T14:01:13","guid":{"rendered":"https:\/\/audreydelaforge.com\/?page_id=738"},"modified":"2023-04-19T18:28:59","modified_gmt":"2023-04-19T18:28:59","slug":"newsletter","status":"publish","type":"page","link":"https:\/\/audreydelaforge.com\/index.php\/newsletter\/","title":{"rendered":"Newsletter"},"content":{"rendered":"\n<div class=\"wp-block-cover alignfull is-light\" style=\"min-height:600px;aspect-ratio:unset;\"><span aria-hidden=\"true\" class=\"wp-block-cover__background has-nv-site-bg-background-color has-background-dim-0 has-background-dim\"><\/span><img loading=\"lazy\" decoding=\"async\" width=\"1640\" height=\"924\" class=\"wp-block-cover__image-background wp-image-740\" alt=\"\" src=\"https:\/\/audreydelaforge.com\/wp-content\/uploads\/2023\/02\/Couverture-Facebook-pour-le-Mois-des-Fiertes-Celebration-Texte-Gras-et-Vif-Violet-et-Rose-2.png\" data-object-fit=\"cover\" srcset=\"https:\/\/audreydelaforge.com\/wp-content\/uploads\/2023\/02\/Couverture-Facebook-pour-le-Mois-des-Fiertes-Celebration-Texte-Gras-et-Vif-Violet-et-Rose-2.png 1640w, https:\/\/audreydelaforge.com\/wp-content\/uploads\/2023\/02\/Couverture-Facebook-pour-le-Mois-des-Fiertes-Celebration-Texte-Gras-et-Vif-Violet-et-Rose-2-300x169.png 300w, https:\/\/audreydelaforge.com\/wp-content\/uploads\/2023\/02\/Couverture-Facebook-pour-le-Mois-des-Fiertes-Celebration-Texte-Gras-et-Vif-Violet-et-Rose-2-1024x577.png 1024w, https:\/\/audreydelaforge.com\/wp-content\/uploads\/2023\/02\/Couverture-Facebook-pour-le-Mois-des-Fiertes-Celebration-Texte-Gras-et-Vif-Violet-et-Rose-2-768x433.png 768w, https:\/\/audreydelaforge.com\/wp-content\/uploads\/2023\/02\/Couverture-Facebook-pour-le-Mois-des-Fiertes-Celebration-Texte-Gras-et-Vif-Violet-et-Rose-2-1536x865.png 1536w, https:\/\/audreydelaforge.com\/wp-content\/uploads\/2023\/02\/Couverture-Facebook-pour-le-Mois-des-Fiertes-Celebration-Texte-Gras-et-Vif-Violet-et-Rose-2-600x338.png 600w\" sizes=\"auto, (max-width: 1640px) 100vw, 1640px\" \/><div class=\"wp-block-cover__inner-container is-layout-flow wp-block-cover-is-layout-flow\">\n<p class=\"has-text-align-center has-large-font-size\"><\/p>\n<\/div><\/div>\n\n\n\n<div class=\"wp-block-cover alignfull is-light\"><span aria-hidden=\"true\" class=\"wp-block-cover__background has-background-dim-100 has-background-dim\" style=\"background-color:#f4e9d3\"><\/span><div class=\"wp-block-cover__inner-container is-layout-flow wp-block-cover-is-layout-flow\">\n<div style=\"height:40px\" aria-hidden=\"true\" class=\"wp-block-spacer\"><\/div>\n\n\n\n<p class=\"has-text-align-center has-large-font-size\"><strong>R\u00e9cup\u00e8re ton cadeau ici et abonne toi \u00e0 ma newsletter !<\/strong><\/p>\n\n\n\n<div style=\"height:40px\" aria-hidden=\"true\" class=\"wp-block-spacer\"><\/div>\n\n\n\n<div class=\"wp-block-columns is-layout-flex wp-container-core-columns-is-layout-9d6595d7 wp-block-columns-is-layout-flex\">\n<div class=\"wp-block-column is-vertically-aligned-center is-layout-flow wp-block-column-is-layout-flow\"><div class=\"wp-block-image\">\n<figure class=\"aligncenter size-large\"><img loading=\"lazy\" decoding=\"async\" width=\"1024\" height=\"680\" src=\"https:\/\/audreydelaforge.com\/wp-content\/uploads\/2023\/02\/mockuper-1-1024x680.png\" alt=\"\" class=\"wp-image-852\" srcset=\"https:\/\/audreydelaforge.com\/wp-content\/uploads\/2023\/02\/mockuper-1-1024x680.png 1024w, https:\/\/audreydelaforge.com\/wp-content\/uploads\/2023\/02\/mockuper-1-300x199.png 300w, https:\/\/audreydelaforge.com\/wp-content\/uploads\/2023\/02\/mockuper-1-768x510.png 768w, https:\/\/audreydelaforge.com\/wp-content\/uploads\/2023\/02\/mockuper-1-600x398.png 600w, https:\/\/audreydelaforge.com\/wp-content\/uploads\/2023\/02\/mockuper-1.png 1280w\" sizes=\"auto, (max-width: 1024px) 100vw, 1024px\" \/><\/figure>\n<\/div><\/div>\n\n\n\n<div class=\"wp-block-column is-vertically-aligned-center is-layout-flow wp-block-column-is-layout-flow\">\n<h3 class=\"wp-block-heading has-text-align-center\">Le m\u00e9tier d&rsquo;orthop\u00e9dagogue dans un livre au format pdf !<\/h3>\n<\/div>\n<\/div>\n\n\n\n<div style=\"height:40px\" aria-hidden=\"true\" class=\"wp-block-spacer\"><\/div>\n\n\n\n<script type=\"text\/javascript\" src=\"https:\/\/acumbamail.com\/newform\/dynamic\/js\/0x4S5A9EJbJ0Mye1YdRf2j67MxcQSFCS6nb50B3Bm7U6pT3f2\/37489\/\"><\/script>\n<div id=\"form-acm_37489\"><\/div>\n<\/div><\/div>\n\n\n\n<div class=\"wp-block-cover alignfull is-light\" style=\"min-height:200px;aspect-ratio:unset;\"><span aria-hidden=\"true\" class=\"wp-block-cover__background has-background-dim-100 has-background-dim\" style=\"background-color:#fe914d\"><\/span><div class=\"wp-block-cover__inner-container is-layout-flow wp-block-cover-is-layout-flow\">\n<p class=\"has-text-align-center has-nv-site-bg-color has-text-color has-large-font-size\"><strong>Bien \u00e9videmment, un simple document ne te rendra pas Orthop\u00e9dagogue<\/strong> !<\/p>\n<\/div><\/div>\n\n\n\n<div class=\"wp-block-cover alignfull\"><span aria-hidden=\"true\" class=\"wp-block-cover__background has-nv-site-bg-background-color has-background-dim-100 has-background-dim\"><\/span><div class=\"wp-block-cover__inner-container is-layout-flow wp-block-cover-is-layout-flow\">\n<div style=\"height:40px\" aria-hidden=\"true\" class=\"wp-block-spacer\"><\/div>\n\n\n\n<h2 class=\"wp-block-heading has-text-align-center has-nv-dark-bg-color has-text-color has-large-font-size\"><strong>Pour cela, je te propose :<\/strong><\/h2>\n\n\n\n<h3 class=\"wp-block-heading has-text-align-center has-nv-dark-bg-color has-text-color\">De me rejoindre sur mon groupe<\/h3>\n\n\n\n<div class=\"wp-block-buttons is-layout-flex wp-block-buttons-is-layout-flex\">\n<div class=\"wp-block-button aligncenter\"><a class=\"wp-block-button__link has-nv-site-bg-color has-text-color has-background wp-element-button\" href=\"https:\/\/www.facebook.com\/groups\/deviensorthopedagogueavecaudrey\" style=\"border-radius:100px;background-color:#3b5998\">Groupe facebook \u00ab\u00a0Deviens orthop\u00e9dagogue avec Audrey\u00a0\u00bb<\/a><\/div>\n<\/div>\n\n\n\n<div style=\"height:40px\" aria-hidden=\"true\" class=\"wp-block-spacer\"><\/div>\n\n\n\n<h3 class=\"wp-block-heading has-text-align-center has-nv-dark-bg-color has-text-color\">De me suivre sur tous mes r\u00e9seaux<\/h3>\n\n\n\n<div class=\"wp-block-columns is-layout-flex wp-container-core-columns-is-layout-9d6595d7 wp-block-columns-is-layout-flex\">\n<div class=\"wp-block-column is-layout-flow wp-block-column-is-layout-flow\"><\/div>\n\n\n\n<div class=\"wp-block-column is-vertically-aligned-center is-layout-flow wp-block-column-is-layout-flow\"><div class=\"wp-block-image\">\n<figure class=\"aligncenter size-full is-resized\"><a href=\"facebook.com\/audreycateldelaforge\"><img loading=\"lazy\" decoding=\"async\" src=\"https:\/\/audreydelaforge.com\/wp-content\/uploads\/2022\/07\/facebook.png\" alt=\"\" class=\"wp-image-419\" width=\"95\" height=\"95\" srcset=\"https:\/\/audreydelaforge.com\/wp-content\/uploads\/2022\/07\/facebook.png 126w, https:\/\/audreydelaforge.com\/wp-content\/uploads\/2022\/07\/facebook-100x100.png 100w\" sizes=\"auto, (max-width: 95px) 100vw, 95px\" \/><\/a><\/figure>\n<\/div><\/div>\n\n\n\n<div class=\"wp-block-column is-vertically-aligned-center is-layout-flow wp-block-column-is-layout-flow\"><div class=\"wp-block-image\">\n<figure class=\"aligncenter size-full is-resized\"><a href=\"https:\/\/www.instagram.com\/audrey_delaforge\/\"><img loading=\"lazy\" decoding=\"async\" src=\"https:\/\/audreydelaforge.com\/wp-content\/uploads\/2022\/07\/insta.jpg\" alt=\"\" class=\"wp-image-421\" width=\"98\" height=\"98\" srcset=\"https:\/\/audreydelaforge.com\/wp-content\/uploads\/2022\/07\/insta.jpg 130w, https:\/\/audreydelaforge.com\/wp-content\/uploads\/2022\/07\/insta-100x100.jpg 100w\" sizes=\"auto, (max-width: 98px) 100vw, 98px\" \/><\/a><\/figure>\n<\/div><\/div>\n\n\n\n<div class=\"wp-block-column is-vertically-aligned-center is-layout-flow wp-block-column-is-layout-flow\"><div class=\"wp-block-image\">\n<figure class=\"aligncenter size-full is-resized\"><a href=\"https:\/\/www.linkedin.com\/in\/audrey-catel-delaforge\"><img loading=\"lazy\" decoding=\"async\" src=\"https:\/\/audreydelaforge.com\/wp-content\/uploads\/2022\/07\/linkedin.png\" alt=\"\" class=\"wp-image-420\" width=\"98\" height=\"98\" srcset=\"https:\/\/audreydelaforge.com\/wp-content\/uploads\/2022\/07\/linkedin.png 130w, https:\/\/audreydelaforge.com\/wp-content\/uploads\/2022\/07\/linkedin-100x100.png 100w\" sizes=\"auto, (max-width: 98px) 100vw, 98px\" \/><\/a><\/figure>\n<\/div><\/div>\n\n\n\n<div class=\"wp-block-column is-layout-flow wp-block-column-is-layout-flow\"><\/div>\n<\/div>\n<\/div><\/div>\n\n\n\n<div style=\"height:100px\" aria-hidden=\"true\" class=\"wp-block-spacer\"><\/div>\n","protected":false},"excerpt":{"rendered":"","protected":false},"author":2,"featured_media":0,"parent":0,"menu_order":0,"comment_status":"closed","ping_status":"closed","template":"","meta":{"om_disable_all_campaigns":false,"neve_meta_sidebar":"","neve_meta_container":"","neve_meta_enable_content_width":"","neve_meta_content_width":0,"neve_meta_title_alignment":"center","neve_meta_author_avatar":"","neve_post_elements_order":"","neve_meta_disable_header":"","neve_meta_disable_footer":"","neve_meta_disable_title":"","footnotes":""},"class_list":["post-738","page","type-page","status-publish","hentry"],"yoast_head":"<!-- This site is optimized with the Yoast SEO plugin v27.5 - https:\/\/yoast.com\/product\/yoast-seo-wordpress\/ -->\n<title>Newsletter ~ Audrey Delaforge, Orthop\u00e9dagogue<\/title>\n<meta name=\"description\" content=\"Sur cette page, tu apprendras tout ce qu&#039;il faut savoir pour devenir orthop\u00e9dagogue et l&#039;utiliser dans ton enseignement.\" \/>\n<meta name=\"robots\" content=\"index, follow, max-snippet:-1, max-image-preview:large, max-video-preview:-1\" \/>\n<link rel=\"canonical\" href=\"https:\/\/audreydelaforge.com\/index.php\/newsletter\/\" \/>\n<meta property=\"og:locale\" content=\"fr_FR\" \/>\n<meta property=\"og:type\" content=\"article\" \/>\n<meta property=\"og:title\" content=\"Newsletter ~ Audrey Delaforge, Orthop\u00e9dagogue\" \/>\n<meta property=\"og:description\" content=\"Sur cette page, tu apprendras tout ce qu&#039;il faut savoir pour devenir orthop\u00e9dagogue et l&#039;utiliser dans ton enseignement.\" \/>\n<meta property=\"og:url\" content=\"https:\/\/audreydelaforge.com\/index.php\/newsletter\/\" \/>\n<meta property=\"og:site_name\" content=\"Audrey Delaforge, Orthop\u00e9dagogue\" \/>\n<meta property=\"article:publisher\" content=\"https:\/\/www.facebook.com\/audreycateldelaforge\" \/>\n<meta property=\"article:modified_time\" content=\"2023-04-19T18:28:59+00:00\" \/>\n<meta property=\"og:image\" content=\"https:\/\/audreydelaforge.com\/wp-content\/uploads\/2023\/02\/Couverture-Facebook-pour-le-Mois-des-Fiertes-Celebration-Texte-Gras-et-Vif-Violet-et-Rose-2.png\" \/>\n<meta name=\"twitter:card\" content=\"summary_large_image\" \/>\n<script type=\"application\/ld+json\" class=\"yoast-schema-graph\">{\"@context\":\"https:\\\/\\\/schema.org\",\"@graph\":[{\"@type\":\"WebPage\",\"@id\":\"https:\\\/\\\/audreydelaforge.com\\\/index.php\\\/newsletter\\\/\",\"url\":\"https:\\\/\\\/audreydelaforge.com\\\/index.php\\\/newsletter\\\/\",\"name\":\"Newsletter ~ Audrey Delaforge, Orthop\u00e9dagogue\",\"isPartOf\":{\"@id\":\"https:\\\/\\\/audreydelaforge.com\\\/#website\"},\"primaryImageOfPage\":{\"@id\":\"https:\\\/\\\/audreydelaforge.com\\\/index.php\\\/newsletter\\\/#primaryimage\"},\"image\":{\"@id\":\"https:\\\/\\\/audreydelaforge.com\\\/index.php\\\/newsletter\\\/#primaryimage\"},\"thumbnailUrl\":\"https:\\\/\\\/audreydelaforge.com\\\/wp-content\\\/uploads\\\/2023\\\/02\\\/Couverture-Facebook-pour-le-Mois-des-Fiertes-Celebration-Texte-Gras-et-Vif-Violet-et-Rose-2.png\",\"datePublished\":\"2023-02-19T14:01:13+00:00\",\"dateModified\":\"2023-04-19T18:28:59+00:00\",\"description\":\"Sur cette page, tu apprendras tout ce qu'il faut savoir pour devenir orthop\u00e9dagogue et l'utiliser dans ton enseignement.\",\"breadcrumb\":{\"@id\":\"https:\\\/\\\/audreydelaforge.com\\\/index.php\\\/newsletter\\\/#breadcrumb\"},\"inLanguage\":\"fr-FR\",\"potentialAction\":[{\"@type\":\"ReadAction\",\"target\":[\"https:\\\/\\\/audreydelaforge.com\\\/index.php\\\/newsletter\\\/\"]}]},{\"@type\":\"ImageObject\",\"inLanguage\":\"fr-FR\",\"@id\":\"https:\\\/\\\/audreydelaforge.com\\\/index.php\\\/newsletter\\\/#primaryimage\",\"url\":\"https:\\\/\\\/audreydelaforge.com\\\/wp-content\\\/uploads\\\/2023\\\/02\\\/Couverture-Facebook-pour-le-Mois-des-Fiertes-Celebration-Texte-Gras-et-Vif-Violet-et-Rose-2.png\",\"contentUrl\":\"https:\\\/\\\/audreydelaforge.com\\\/wp-content\\\/uploads\\\/2023\\\/02\\\/Couverture-Facebook-pour-le-Mois-des-Fiertes-Celebration-Texte-Gras-et-Vif-Violet-et-Rose-2.png\",\"width\":1640,\"height\":924},{\"@type\":\"BreadcrumbList\",\"@id\":\"https:\\\/\\\/audreydelaforge.com\\\/index.php\\\/newsletter\\\/#breadcrumb\",\"itemListElement\":[{\"@type\":\"ListItem\",\"position\":1,\"name\":\"Accueil\",\"item\":\"https:\\\/\\\/audreydelaforge.com\\\/\"},{\"@type\":\"ListItem\",\"position\":2,\"name\":\"Newsletter\"}]},{\"@type\":\"WebSite\",\"@id\":\"https:\\\/\\\/audreydelaforge.com\\\/#website\",\"url\":\"https:\\\/\\\/audreydelaforge.com\\\/\",\"name\":\"Audrey Delaforge, Orthop\u00e9dagogue\",\"description\":\"L&#039;apprenant au centre du savoir\",\"publisher\":{\"@id\":\"https:\\\/\\\/audreydelaforge.com\\\/#organization\"},\"potentialAction\":[{\"@type\":\"SearchAction\",\"target\":{\"@type\":\"EntryPoint\",\"urlTemplate\":\"https:\\\/\\\/audreydelaforge.com\\\/?s={search_term_string}\"},\"query-input\":{\"@type\":\"PropertyValueSpecification\",\"valueRequired\":true,\"valueName\":\"search_term_string\"}}],\"inLanguage\":\"fr-FR\"},{\"@type\":\"Organization\",\"@id\":\"https:\\\/\\\/audreydelaforge.com\\\/#organization\",\"name\":\"Audrey Delaforge, Orthop\u00e9dagogue\",\"url\":\"https:\\\/\\\/audreydelaforge.com\\\/\",\"logo\":{\"@type\":\"ImageObject\",\"inLanguage\":\"fr-FR\",\"@id\":\"https:\\\/\\\/audreydelaforge.com\\\/#\\\/schema\\\/logo\\\/image\\\/\",\"url\":\"https:\\\/\\\/audreydelaforge.com\\\/wp-content\\\/uploads\\\/2022\\\/06\\\/Logo-orange-noir-avec-Audrey-1.png\",\"contentUrl\":\"https:\\\/\\\/audreydelaforge.com\\\/wp-content\\\/uploads\\\/2022\\\/06\\\/Logo-orange-noir-avec-Audrey-1.png\",\"width\":500,\"height\":500,\"caption\":\"Audrey Delaforge, Orthop\u00e9dagogue\"},\"image\":{\"@id\":\"https:\\\/\\\/audreydelaforge.com\\\/#\\\/schema\\\/logo\\\/image\\\/\"},\"sameAs\":[\"https:\\\/\\\/www.facebook.com\\\/audreycateldelaforge\",\"https:\\\/\\\/www.linkedin.com\\\/in\\\/audrey-catel-delaforge\",\"https:\\\/\\\/www.instagram.com\\\/audrey_delaforge\\\/\"]}]}<\/script>\n<!-- \/ Yoast SEO plugin. -->","yoast_head_json":{"title":"Newsletter ~ Audrey Delaforge, Orthop\u00e9dagogue","description":"Sur cette page, tu apprendras tout ce qu'il faut savoir pour devenir orthop\u00e9dagogue et l'utiliser dans ton enseignement.","robots":{"index":"index","follow":"follow","max-snippet":"max-snippet:-1","max-image-preview":"max-image-preview:large","max-video-preview":"max-video-preview:-1"},"canonical":"https:\/\/audreydelaforge.com\/index.php\/newsletter\/","og_locale":"fr_FR","og_type":"article","og_title":"Newsletter ~ Audrey Delaforge, Orthop\u00e9dagogue","og_description":"Sur cette page, tu apprendras tout ce qu'il faut savoir pour devenir orthop\u00e9dagogue et l'utiliser dans ton enseignement.","og_url":"https:\/\/audreydelaforge.com\/index.php\/newsletter\/","og_site_name":"Audrey Delaforge, Orthop\u00e9dagogue","article_publisher":"https:\/\/www.facebook.com\/audreycateldelaforge","article_modified_time":"2023-04-19T18:28:59+00:00","og_image":[{"url":"https:\/\/audreydelaforge.com\/wp-content\/uploads\/2023\/02\/Couverture-Facebook-pour-le-Mois-des-Fiertes-Celebration-Texte-Gras-et-Vif-Violet-et-Rose-2.png","type":"","width":"","height":""}],"twitter_card":"summary_large_image","schema":{"@context":"https:\/\/schema.org","@graph":[{"@type":"WebPage","@id":"https:\/\/audreydelaforge.com\/index.php\/newsletter\/","url":"https:\/\/audreydelaforge.com\/index.php\/newsletter\/","name":"Newsletter ~ Audrey Delaforge, Orthop\u00e9dagogue","isPartOf":{"@id":"https:\/\/audreydelaforge.com\/#website"},"primaryImageOfPage":{"@id":"https:\/\/audreydelaforge.com\/index.php\/newsletter\/#primaryimage"},"image":{"@id":"https:\/\/audreydelaforge.com\/index.php\/newsletter\/#primaryimage"},"thumbnailUrl":"https:\/\/audreydelaforge.com\/wp-content\/uploads\/2023\/02\/Couverture-Facebook-pour-le-Mois-des-Fiertes-Celebration-Texte-Gras-et-Vif-Violet-et-Rose-2.png","datePublished":"2023-02-19T14:01:13+00:00","dateModified":"2023-04-19T18:28:59+00:00","description":"Sur cette page, tu apprendras tout ce qu'il faut savoir pour devenir orthop\u00e9dagogue et l'utiliser dans ton enseignement.","breadcrumb":{"@id":"https:\/\/audreydelaforge.com\/index.php\/newsletter\/#breadcrumb"},"inLanguage":"fr-FR","potentialAction":[{"@type":"ReadAction","target":["https:\/\/audreydelaforge.com\/index.php\/newsletter\/"]}]},{"@type":"ImageObject","inLanguage":"fr-FR","@id":"https:\/\/audreydelaforge.com\/index.php\/newsletter\/#primaryimage","url":"https:\/\/audreydelaforge.com\/wp-content\/uploads\/2023\/02\/Couverture-Facebook-pour-le-Mois-des-Fiertes-Celebration-Texte-Gras-et-Vif-Violet-et-Rose-2.png","contentUrl":"https:\/\/audreydelaforge.com\/wp-content\/uploads\/2023\/02\/Couverture-Facebook-pour-le-Mois-des-Fiertes-Celebration-Texte-Gras-et-Vif-Violet-et-Rose-2.png","width":1640,"height":924},{"@type":"BreadcrumbList","@id":"https:\/\/audreydelaforge.com\/index.php\/newsletter\/#breadcrumb","itemListElement":[{"@type":"ListItem","position":1,"name":"Accueil","item":"https:\/\/audreydelaforge.com\/"},{"@type":"ListItem","position":2,"name":"Newsletter"}]},{"@type":"WebSite","@id":"https:\/\/audreydelaforge.com\/#website","url":"https:\/\/audreydelaforge.com\/","name":"Audrey Delaforge, Orthop\u00e9dagogue","description":"L&#039;apprenant au centre du savoir","publisher":{"@id":"https:\/\/audreydelaforge.com\/#organization"},"potentialAction":[{"@type":"SearchAction","target":{"@type":"EntryPoint","urlTemplate":"https:\/\/audreydelaforge.com\/?s={search_term_string}"},"query-input":{"@type":"PropertyValueSpecification","valueRequired":true,"valueName":"search_term_string"}}],"inLanguage":"fr-FR"},{"@type":"Organization","@id":"https:\/\/audreydelaforge.com\/#organization","name":"Audrey Delaforge, Orthop\u00e9dagogue","url":"https:\/\/audreydelaforge.com\/","logo":{"@type":"ImageObject","inLanguage":"fr-FR","@id":"https:\/\/audreydelaforge.com\/#\/schema\/logo\/image\/","url":"https:\/\/audreydelaforge.com\/wp-content\/uploads\/2022\/06\/Logo-orange-noir-avec-Audrey-1.png","contentUrl":"https:\/\/audreydelaforge.com\/wp-content\/uploads\/2022\/06\/Logo-orange-noir-avec-Audrey-1.png","width":500,"height":500,"caption":"Audrey Delaforge, Orthop\u00e9dagogue"},"image":{"@id":"https:\/\/audreydelaforge.com\/#\/schema\/logo\/image\/"},"sameAs":["https:\/\/www.facebook.com\/audreycateldelaforge","https:\/\/www.linkedin.com\/in\/audrey-catel-delaforge","https:\/\/www.instagram.com\/audrey_delaforge\/"]}]}},"_links":{"self":[{"href":"https:\/\/audreydelaforge.com\/index.php\/wp-json\/wp\/v2\/pages\/738","targetHints":{"allow":["GET"]}}],"collection":[{"href":"https:\/\/audreydelaforge.com\/index.php\/wp-json\/wp\/v2\/pages"}],"about":[{"href":"https:\/\/audreydelaforge.com\/index.php\/wp-json\/wp\/v2\/types\/page"}],"author":[{"embeddable":true,"href":"https:\/\/audreydelaforge.com\/index.php\/wp-json\/wp\/v2\/users\/2"}],"replies":[{"embeddable":true,"href":"https:\/\/audreydelaforge.com\/index.php\/wp-json\/wp\/v2\/comments?post=738"}],"version-history":[{"count":0,"href":"https:\/\/audreydelaforge.com\/index.php\/wp-json\/wp\/v2\/pages\/738\/revisions"}],"wp:attachment":[{"href":"https:\/\/audreydelaforge.com\/index.php\/wp-json\/wp\/v2\/media?parent=738"}],"curies":[{"name":"wp","href":"https:\/\/api.w.org\/{rel}","templated":true}]}}